 + 10*g**2 - 33*g + 40. Determine y(7).
-44
Let x(d) = -7*d**3 - 46*d**2 - 71*d - 1217. Calculate x(-8).
-9
Let t(b) = b**3 - 2*b**2 - 273*b + 1687. Give t(11).
-227
Let y(h) = 4*h**2 + 499*h + 14516. What is y(-59)?
-1001
Let f(t) = -340*t - 10877. What is f(-32)?
3
Let q(o) = 84*o**2 - 52078*o - 1378. Calculate q(620).
-138
Let r(g) = -4*g**3 - 990*g**2 + 1493*g - 219. What is r(-249)?
30
Let j(v) = -18780*v + 676086. Calculate j(36).
6
Let b(w) = -126*w + 7952. What is b(62)?
140
Let v(t) = 11*t**3 + 49*t**2 + 372*t + 1412. What is v(-4)?
4
Let a(z) = -4*z**3 + 101*z**2 - 165*z - 436. Give a(23).
530
Let p(o) = 387*o + 47862. Determine p(-129).
-2061
Let h(o) = -o**3 - 10*o**2 + 1213*o + 8647. Give h(-7).
9
Let q(c) = -2*c**3 + 29*c**2 - 102*c + 87. Give q(10).
-33
Let d(z) = -z**3 + 102*z**2 - 114*z + 1276. What is d(101)?
-37
Let u(d) = -511*d + 11255. Calculate u(22).
13
Let s(o) = -4*o**2 - 387*o + 2609. Calculate s(7).
-296
Let y(w) = 2*w**2 + 179*w + 995. Calculate y(-89).
906
Let l(q) = -55709*q + 2339784. Determine l(42).
6
Let s(k) = -3689*k - 759901. Determine s(-206).
33
Let a(r) = -2955*r - 35455. Calculate a(-12).
5
Let v(q) = q**2 - 28*q - 31853. What is v(193)?
-8
Let l(q) = -2166*q + 89090. Determine l(41).
284
Let s(t) = 3*t**2 + 649*t - 149076. What is s(-356)?
88
Let g(s) = 29*s**2 + 4723*s - 5404. Calculate g(-164).
8
Let j(q) = 4646872*q + 27881245. Determine j(-6).
13
Let a(t) = t**3 + 39*t**2 + 124*t + 42. Give a(-32).
3242
Let i(d) = 23*d**2 - 554. Give i(-5).
21
Let y(s) = -436*s + 121. What is y(-3)?
1429
Let m(s) = 4211*s + 336877. Calculate m(-80).
-3
Let h(t) = 867*t - 14386. What is h(17)?
353
Let r(f) = -f**3 - 47*f**2 + 8361*f + 386726. Calculate r(-46).
4
Let l(n) = -n**3 - 17*n**2 + 1257*n - 147. Calculate l(-45).
-12
Let z(i) = -4*i**3 - 616*i**2 - 7*i - 1185. Calculate z(-154).
-107
Let j(x) = 18*x**2 + 1505*x + 5205. What is j(-80)?
5
Let l(z) = 14*z**3 + 7292*z**2 - 8345*z + 3596. Determine l(-522).
-58
Let q(r) = -r**3 + 31*r**2 + 197*r - 1966. Give q(35).
29
Let y(q) = -q**2 + 950*q - 92295. Determine y(110).
105
Let b(p) = -1211*p + 134489. What is b(111)?
68
Let a(v) = -2696*v - 342388. Calculate a(-127).
4
Let o(f) = 722993*f + 6506953. Determine o(-9).
16
Let d(z) = -z**2 + 6810*z - 498465. Determine d(74).
-1
Let p(y) = 1499*y**2 - 2879*y - 165. Give p(2).
73
Let j(z) = -12003*z**2 + 84020*z - 14. Calculate j(7).
-21
Let k(o) = -o**2 - 171*o + 7775. What is k(-212)?
-917
Let u(b) = -b**3 - 22*b**2 + 181*b + 1159. Give u(-27).
-83
Let y(z) = 12*z**3 - 125*z**2 + 19*z + 77. Calculate y(11).
1133
Let m(h) = 27622*h + 3728965. Determine m(-135).
-5
Let d(l) = -13081*l + 235464. Give d(18).
6
Let o(k) = k**3 - 147*k**2 + 313*k - 2913. Give o(145).
422
Let m(r) = -r**3 + 68*r**2 + 109*r - 2880. Give m(69).
-120
Let c(v) = 190*v - 19927. What is c(105)?
23
Let h(f) = -13*f**2 - 5607*f + 28011. Calculate h(5).
-349
Let x(t) = t**3 - 113*t**2 + 3060*t - 1659. Determine x(69).
-3
Let g(x) = -2*x**2 - 4*x - 117. Give g(-9).
-243
Let l(m) = -64873*m - 843366. What is l(-13)?
-17
Let a(k) = -155*k**2 - 1558*k - 2. Give a(-10).
78
Let y(x) = -2*x**3 - 182*x**2 - 1084*x + 14. Calculate y(-6).
398
Let s(p) = 4*p**3 - 7*p**2 - 8*p - 68. Calculate s(8).
1468
Let z(o) = 499*o**2 + 2025*o - 2. Calculate z(-4).
-118
Let v(a) = a**3 + 356*a**2 - 8717*a - 3. Calculate v(-379).
-3
Let u(p) = -14340*p - 788690. Give u(-55).
10
Let j(s) = 18*s**2 + 178*s - 1754. Determine j(-16).
6
Let k(o) = 9979*o + 9639719. What is k(-966)?
5
Let r(d) = -731*d + 84850. What is r(116)?
54
Let u(s) = -30*s**2 - 255*s - 116. Give u(-8).
4
Let g(s) = -1912*s + 22345. What is g(12)?
-599
Let q(g) = -3*g**2 + 7830*g - 46882. Determine q(6).
-10
Let r(c) = -49609*c - 148833. Determine r(-3).
-6
Let y(a) = -94*a + 15974. What is y(169)?
88
Let z(p) = -p**2 + 492*p + 69075. Give z(-114).
-9
Let n(y) = -y**3 - 20*y**2 - 341*y + 1531. Calculate n(4).
-217
Let h(q) = -4*q**3 - 11*q**2 + 210*q - 201. Determine h(1).
-6
Let v(w) = -46*w - 7475. Determine v(-154).
-391
Let m(y) = 10*y**2 + 1537*y - 100083. Give m(-203).
-4
Let g(a) = -a**3 + 22*a**2 + 28*a - 234. What is g(23)?
-119
Let x(f) = 423*f + 11297. What is x(-27)?
-124
Let r(q) = -80*q + 21228. Determine r(244).
1708
Let r(m) = -m**3 + 12*m**2 - 64*m + 465. Calculate r(11).
-118
Let w(g) = -g**3 - 4*g**2 - 1072*g - 8785. Give w(-8).
47
Let t(q) = -34669*q - 346729. Determine t(-10).
-39
Let r(d) = -d**3 - 10*d**2 - 19*d - 584. Calculate r(0).
-584
Let j(v) = 3*v**2 + 1401*v - 22391. What is j(16)?
793
Let b(h) = 5*h**2 + 38*h - 93. Calculate b(-8).
-77
Let g(v) = -41391*v - 165842. Determine g(-4).
-278
Let v(u) = -1309185*u - 7855091. Determine v(-6).
19
Let s(p) = 2*p**2 - 67164*p + 1208302. What is s(18)?
-2
Let g(k) = k**3 - 18*k**2 - 404*k - 347. Calculate g(-14).
-963
Let i(v) = -163739*v - 327481. What is i(-2)?
-3
Let l(n) = n**3 + 5*n**2 - 2388*n - 29776. Determine l(-13).
-84
Let t(r) = -7*r**2 + 577*r + 757. What is t(84)?
-167
Let w(b) = -5*b**2 + 2758*b - 170615. What is w(71)?
-2
Let j(u) = -106*u**2 + 960*u + 134. Give j(13).
-5300
Let a(h) = -2*h**3 - 5*h**2 + 145*h + 1264. Calculate a(-13).
2928
Let u(q) = -8*q**3 + 755*q**2 - 1031*q + 802. Give u(93).
58
Let r(m) = -m**3 + 126*m**2 + 673*m + 848. What is r(-2)?
14
Let b(c) = 25396*c + 50773. Give b(-2).
-19
Let s(p) = 65322*p - 2155515. What is s(33)?
111
Let y(o) = 465*o - 9602. Calculate y(20).
-302
Let g(l) = 2*l**2 + 210*l - 4713. What is g(-124)?
-1
Let p(r) = -r**2 - 1197*r - 277250. What is p(-314)?
12
Let a(j) = 2*j**2 + 771*j + 26636. Give a(-39).
-391
Let u(c) = -3*c**3 + 517*c**2 - 184*c + 2038. Give u(172).
-26
Let o(i) = i**2 + 1744*i - 7041. Calculate o(4).
-49
Let z(a) = -a**3 + 63*a**2 + 614*a - 317. Calculate z(-9).
-11
Let g(a) = 9*a**2 - 18*a - 788. What is g(22)?
3172
Let l(s) = -27539*s - 275401. Calculate l(-10).
-11
Let p(h) = -12*h**3 - 38*h + 247. What is p(5)?
-1443
Let z(j) = -j**3 + 19*j**2 + 134*j - 2736. What is z(18)?
0
Let r(a) = 61312*a - 7480049. Determine r(122).
15
Let a(l) = -11679*l + 93429. What is a(8)?
-3
Let w(a) = 4*a**2 - 268*a - 276. What is w(69)?
276
Let s(l) = -6618*l + 3196493. What is s(483)?
-1
Let i(q) = q**3 - 135*q**2 - 2251*q - 261. Determine i(150).
-411
Let c(k) = 2*k**3 - 281*k**2 + 2235*k + 13. Give c(8).
933
Let w(m) = -229*m**2 - 2150*m + 1507. What is w(-10)?
107
Let n(x) = -x**3 - 61*x**2 + 294*x + 1136. Calculate n(-66).
3512
Let s(w) = -2951*w + 26523. Calculate s(9).
-36
Let b(f) = -480747*f + 13460945. What is b(28)?
29
Let j(b) = -b**2 - 14255*b - 256263. Determine j(-18).
3
Let v(x) = -5*x**2 + 929*x + 316230. Calculate v(361).
-6
Let s(n) = n**3 - 25*n**2 + 958*n - 19622. Calculate s(22).
2
Let m(d) = 12*d**2 + 1142*d + 216. Give m(-95).
26
Let z(t) = 3643*t + 553727. What is z(-152)?
-9
Let s(l) = -l**2 + 4152*l - 57925. Give s(14).
7
Let p(r) = -r**3 - r**2 + 435*r - 2084. Calculate p(5).
-59
Let w(l) = 15*l**3 - 11*l**2 + 6*l + 1. Determine w(5).
1631
Let a(k) = -52*k**2 - 3952*k - 5. Calculate a(-76).
-5
Let b(a) = a**2 + 12*a - 3142. What is b(-57)?
-577
Let k(f) = -f**2 + 32*f + 3661. What is k(-44)?
317
Let j(x) = 2*x**3 - 288*x**2 - 293*x - 11. What is j(145)?
-446
Let i(b) = -4*b**2 + 1291*b + 28887. Give i(-21).
12
Let d(z) = z**3 + 104*z**2 + 2018*z - 782. Determine d(-78).
-2
Let h(k) = -5*k**3 - 25*k**2 - 174*k + 22. What is h(-6)?
1246
Let t(o) = 5*o**3 + 50*o**2 + 127*o + 1815. Give t(-11).
-187
Let j(m) = -m**3 - 27*m**2 + 1075*m - 2699. Determine j(20).
1
Let l(c) = -8*c**2 - 1760*c + 1819. Determine l(-221).
51
Let g(c) = -233*c**2 - 122*c + 22. What is g(-3)?
-1709
Let t(k) = -2593*k - 8305. Give t(-4).
2067
Let r(f) = -40674*f + 11876803. Calculate r(292).
-5
Let y(u) = -2*u**3 - 44*u**2 + 23*u + 558. Give y(-22).
52
Let a(c) = -c**3 - 185*c**2 - 3584*c - 663045. What is a(-185)?
-5
Let z(a) = -8*a**3 - 74*a**2 + 140*a + 25. Give z(2).
-55
Let c(u) = 15*u**2 + 287*u - 583. Give c(2).
51
Let c(v) = 51*v**2 - 2916*v - 5837. Determine c(-2).
199
Let r(q) = -3*q**3 - 258*q**2 - 1473*q - 224. What is r(-6)?
-26
Let g(p) = 6*p**2 - 1795*p - 10934. Determine g(-6).
52
Let n(c) = -18*c**2 - 148*c - 874. Determine n(-9).
-1000
Let q(r) = 